{"id":2,"date":"2016-05-10T03:48:21","date_gmt":"2016-05-10T03:48:21","guid":{"rendered":"http:\/\/szo-zaczernie.com.pl\/?page_id=2"},"modified":"2026-01-13T00:24:44","modified_gmt":"2026-01-13T00:24:44","slug":"sample-page","status":"publish","type":"page","link":"https:\/\/szo-zaczernie.com.pl\/","title":{"rendered":"Strona g\u0142\u00f3wna"},"content":{"rendered":"<p style=\"text-align: justify;\">Sp\u00f3\u0142dzielnia Zaopatrzenia Ogrodniczego rozpocz\u0119\u0142a swoj\u0105 dzia\u0142alno\u015b\u0107 w 1957 roku jako Zak\u0142ad Zaopatrzenia Ogrodniczego przy okr\u0119gowej Sp\u00f3\u0142dzielni Ogrodniczej. W wyniku zmian organizacyjnych od 01.08.1990 roku dzia\u0142amy samodzielnie na rynku jako SZO.<\/p>\n<p style=\"text-align: justify;\">Dzisiejszy potencja\u0142 Sp\u00f3\u0142dzielni to znakomicie zaopatrzona hurtownia i sklep w\u00a0 Zaczerniu.<\/p>\n<p>Nasza oferta to mi\u0119dzy innymi:<\/p>\n<ul>\n<li>\u015arodki ochrony ro\u015blin (owadob\u00f3jcze, chwastob\u00f3jcze, grzybob\u00f3jcze)<\/li>\n<li>Nawozy sztuczne specjalistyczne, ogrodnicze, naturalne (p\u0142ynne i granulowane)<\/li>\n<li>Substraty torfowe, torf, ziemi\u0119 ogrodnicza, kor\u0119<\/li>\n<li>Nasiona warzyw, kwiat\u00f3w<\/li>\n<li>Kwalifikowany materia\u0142 siewny zb\u00f3\u017c, rzepaku, kukurydzy, ziemniak\u00f3w<\/li>\n<li>Mieszanki traw, nasion poplonowych<\/li>\n<li>Mieszanki paszowe pe\u0142noporcjowe i uzupe\u0142niaj\u0105ce<\/li>\n<li>Foli\u0119 ogrodnicz\u0105, budowlana, opakowaniow\u0105, termoizolacyjn\u0105 itp.<\/li>\n<li>Agrow\u0142\u00f3knin\u0119, agrotkanin\u0119, siatki cieniuj\u0105ce<\/li>\n<li>Worki polipropylenowe, raszlowe, foliowe<\/li>\n<li>Sznurek rolniczy, plandeki, liny<\/li>\n<li>Beczki z tworzyw sztucznych, \u0142ubianki, siatki PCV<\/li>\n<li>Tace wysiewne, skrzynki ogrodnicze, doniczki<\/li>\n<li>Opryskiwacze, zraszacze, w\u0119\u017ce ogrodnicze<\/li>\n<li>Systemy nawadniania, linie kropluj\u0105ce<\/li>\n<li>Narz\u0119dzia ogrodnicze w pe\u0142nym asortymencie<\/li>\n<li>Inne artyku\u0142y bran\u017cy ogrodniczej, rolniczej i budowlanej<\/li>\n<\/ul>\n<p style=\"text-align: center;\">ZAPRASZAMY SKLEPY, GOSPODARSTWA ROLNE I ODBIORC\u00d3W INDYWIDUALNYCH<\/p>\n<hr \/>\n<p>Jeste\u015bmy dystrybutorem produkt\u00f3w\u00a0 firm:<\/p>\n<p><strong>CIECH SARZYNA S.A. Nowa Sarzyna &#8211; nowa nazwa Qemetica &#8211; Agricultural Solution Poland<\/strong><br \/>\n<strong>SYNTHOS AGRO O\u015bwi\u0119cim<\/strong><br \/>\n<strong>AGROPAK Jaworzno<\/strong><br \/>\n<strong>LAB Jaworzno<\/strong><br \/>\n<strong>BEST PEST Jaworzno.<\/strong><br \/>\n<strong>ERG BIERU\u0143 FOLIE<\/strong><br \/>\n<strong>KWAZAR Jaktor\u00f3w<\/strong><br \/>\n<strong>CELL-FAST Krosno<\/strong><br \/>\n<strong>WIMAR Kra\u015bnik<\/strong><br \/>\n<strong>AGROPLAST Skierniewice<\/strong><br \/>\n<strong>DROPLANT Kielce<\/strong><br \/>\n<strong>AGRIMPEX Jaros\u0142aw<\/strong><br \/>\n<strong>BORYSZEW Sochaczew<\/strong><br \/>\n<strong>GRUPA INCO G\u00f3ra Kalwaria<\/strong><br \/>\n<strong>YARA POLAND<\/strong><br \/>\n<strong>ICL Polska, EVERIS Polska<\/strong><br \/>\n<strong>HARTMAN Polska<\/strong><br \/>\n<strong>FLORO-HUM Jasienica<\/strong><br \/>\n<strong>K S Polska COMPO EXPERT<\/strong><br \/>\n<strong>BRINKMAN<\/strong><br \/>\n<strong>INTERMAG Olkusz<\/strong><br \/>\n<strong>KLASMANN-DEILMANN Polska<\/strong><br \/>\n<strong>HOLLAS Pas\u0142\u0119k<\/strong><br \/>\n<strong>DANMAR \u0141\u00f3d\u017a<\/strong><br \/>\n<strong>CERES Pyzdry<\/strong><br \/>\n<strong>AMPOL MEROL W\u0105brze\u017ano<\/strong><br \/>\n<strong>KOZIELSKI<\/strong><br \/>\n<strong>BROS Pozna\u0144<\/strong><br \/>\n<strong>AGRO-ZAOPATRZENIE Gda\u0144sk<\/strong><br \/>\n<strong>ADOB Pozna\u0144<\/strong><\/p>\n","protected":false},"excerpt":{"rendered":"<p>Sp\u00f3\u0142dzielnia Zaopatrzenia Ogrodniczego rozpocz\u0119\u0142a swoj\u0105 dzia\u0142alno\u015b\u0107 w 1957 roku jako Zak\u0142ad Zaopatrzenia Ogrodniczego przy okr\u0119gowej Sp\u00f3\u0142dzielni Ogrodniczej. W wyniku zmian organizacyjnych od 01.08.1990 roku dzia\u0142amy samodzielnie na rynku jako SZO. Dzisiejszy potencja\u0142 Sp\u00f3\u0142dzielni to znakomicie zaopatrzona hurtownia i sklep w\u00a0&hellip; <\/p>\n","protected":false},"author":1,"featured_media":0,"parent":0,"menu_order":0,"comment_status":"closed","ping_status":"open","template":"","meta":[],"_links":{"self":[{"href":"https:\/\/szo-zaczernie.com.pl\/index.php?rest_route=\/wp\/v2\/pages\/2"}],"collection":[{"href":"https:\/\/szo-zaczernie.com.pl\/index.php?rest_route=\/wp\/v2\/pages"}],"about":[{"href":"https:\/\/szo-zaczernie.com.pl\/index.php?rest_route=\/wp\/v2\/types\/page"}],"author":[{"embeddable":true,"href":"https:\/\/szo-zaczernie.com.pl\/index.php?rest_route=\/wp\/v2\/users\/1"}],"replies":[{"embeddable":true,"href":"https:\/\/szo-zaczernie.com.pl\/index.php?rest_route=%2Fwp%2Fv2%2Fcomments&post=2"}],"version-history":[{"count":26,"href":"https:\/\/szo-zaczernie.com.pl\/index.php?rest_route=\/wp\/v2\/pages\/2\/revisions"}],"predecessor-version":[{"id":344,"href":"https:\/\/szo-zaczernie.com.pl\/index.php?rest_route=\/wp\/v2\/pages\/2\/revisions\/344"}],"wp:attachment":[{"href":"https:\/\/szo-zaczernie.com.pl\/index.php?rest_route=%2Fwp%2Fv2%2Fmedia&parent=2"}],"curies":[{"name":"wp","href":"https:\/\/api.w.org\/{rel}","templated":true}]}}