{"id":53,"date":"2018-09-10T19:47:27","date_gmt":"2018-09-10T19:47:27","guid":{"rendered":"http:\/\/szo-zaczernie.com.pl\/?page_id=53"},"modified":"2018-09-15T21:14:31","modified_gmt":"2018-09-15T21:14:31","slug":"polityka-prywatnosci-2","status":"publish","type":"page","link":"https:\/\/szo-zaczernie.com.pl\/?page_id=53","title":{"rendered":"Polityka prywatno\u015bci"},"content":{"rendered":"<p><strong>Klauzula informacyjna dla klient\u00f3w<\/strong><\/p>\n<p><strong>\u00a0<\/strong>Szanowni Pa\u0144stwo,<\/p>\n<p style=\"text-align: justify;\">w wykonaniu obowi\u0105zku informacyjnego z art. 13 Rozporz\u0105dzenia Parlamentu Europejskiego i Rady (UE) 2016\/679 z dnia 27 kwietnia 2016 r. w sprawie ochrony os\u00f3b fizycznych w zwi\u0105zku z przetwarzaniem danych osobowych i w sprawie swobodnego przep\u0142ywu takich danych oraz uchylenia dyrektywy 95\/46\/WE (og\u00f3lne rozporz\u0105dzenie o ochronie danych), dalej jako \u201eRODO\u201d, niniejszym informujemy, \u017ce:<\/p>\n<ol style=\"text-align: justify;\">\n<li>Administratorem danych osobowych Klient\u00f3w i ich pracownik\u00f3w (dalej \u0142\u0105cznie jako \u201eKlient\u201d) jest &#8222;Sp\u00f3\u0142dzielnia Zaopatrzenia Ogrodniczego w Rzeszowie z\/s w Zaczerniu ,\u00a0 \u00a0 36-062 Zaczernie 118 , wpisana do Rejestru Przedsi\u0119biorc\u00f3w KRS 0000169819 przez S\u0105d Rejonowy w Rzeszowie XII Wydzia\u0142 Gospodarczy ,NIP 813-02-67-585 REGON 005131860 forma prawna- Sp\u00f3\u0142dzielnia<\/li>\n<li>Dane osobowe Klient\u00f3w b\u0119d\u0105 przetwarzane w nast\u0119puj\u0105cych celach i na nast\u0119puj\u0105cych podstawach prawnych:<\/li>\n<li>realizacji procesu sprzeda\u017cy i wykonanie zawartych um\u00f3w (art. 6 ust. 1 lit. b i c RODO),<\/li>\n<li>realizacja procesu reklamacji (art. 6 ust. 1 lit. c RODO),<\/li>\n<li>archiwizacja (cele dowodowe) na wypadek prawnej potrzeby wykazania fakt\u00f3w, kt\u00f3ry jest prawnie uzasadnionym interesem Administratora (art. 6 ust. 1 lit f RODO),<\/li>\n<li>ewentualne ustalenie, dochodzenie lub obrona przed roszczeniami b\u0119d\u0105cymi realizacj\u0105 prawnie uzasadnionego interesu Administratora (art. 6 ust. 1 lit. f RODO),.<\/li>\n<li>Dane osobowe Klient\u00f3w b\u0119d\u0105 przekazywane wy\u0142\u0105cznie firmom spedycyjnym oraz operatorom pocztowym, w przypadku gdy dostawa realizowana jest przez te podmioty.<\/li>\n<li>Dane osobowe Klient\u00f3w b\u0119d\u0105 przechowywane przez nast\u0119puj\u0105cy okres:<\/li>\n<li>realizacja procesu sprzeda\u017cy \u2013 przez okres 5 lat od zako\u0144czenia roku, w kt\u00f3rym dokonano sprzeda\u017cy,<\/li>\n<li>realizacja procesu reklamacji &#8211; 5 lat od momentu rozpatrzenia reklamacji,<\/li>\n<li>cele archiwalne \u2013 przez okres niezb\u0119dny do realizacji tego celu,<\/li>\n<li>ustalenia, dochodzenia lub obrony przed roszczeniami &#8211; przez okres niezb\u0119dny do realizacji tego celu.<\/li>\n<li>Klient posiada prawo \u017c\u0105dania dost\u0119pu do danych, kt\u00f3re jego dotycz\u0105, ich sprostowania, usuni\u0119cia lub ograniczenia przetwarzania. Klient posiada r\u00f3wnie\u017c prawo do wniesienia sprzeciwu wobec przetwarzania oraz prawo do przenoszenia danych;<\/li>\n<li>Klient posiada uprawnienie do cofni\u0119cia zgody udzielonej na przetwarzanie danych w\u00a0dowolnym momencie, w przypadku danych przetwarzanych na podstawie zgody.<\/li>\n<li>Klientowi przys\u0142uguje prawo do wniesienia skargi do organu nadzorczego.<\/li>\n<li>Podanie przez Klienta danych osobowych jest dobrowolne, jednak\u017ce brak ich podania uniemo\u017cliwi nam nawi\u0105zanie i utrzymywanie relacji handlowych.<\/li>\n<li>Dane osobowe Klienta nie b\u0119d\u0105 przedmiotem proces\u00f3w, w ramach kt\u00f3rych mia\u0142oby doj\u015b\u0107 do zautomatyzowanego podejmowania decyzji, w tym profilowania.<\/li>\n<\/ol>\n<p style=\"text-align: justify;\"><strong>Wykorzystanie plik\u00f3w Cookies<\/strong><\/p>\n<p style=\"text-align: justify;\"><strong>Serwis, zgodnie z art. 173 Ustawy z dnia 16 lipca 2004 r. Prawo telekomunikacyjne, korzysta z plik\u00f3w Cookies<\/strong>\u00a0stanowi\u0105cych dane informatyczne, w szczeg\u00f3lno\u015bci pliki tekstowe, kt\u00f3re przechowywane s\u0105 w urz\u0105dzeniu ko\u0144cowym U\u017cytkownika. Pliki Cookies zazwyczaj zawieraj\u0105 nazw\u0119 strony internetowej, z kt\u00f3rej pochodz\u0105, czas przechowywania ich na urz\u0105dzeniu ko\u0144cowym oraz unikalny numer.<\/p>\n<p style=\"text-align: justify;\">Pliki Cookies wykorzystywane s\u0105 w celu:<\/p>\n<ol style=\"text-align: justify;\">\n<li>u\u0142atwienia U\u017cytkownikowi korzystania z Serwisu podczas jego przegl\u0105dania;<\/li>\n<li>p\u00f3\u017aniejszego skojarzenia U\u017cytkownika w przypadku ponownego po\u0142\u0105czenia Serwisu z urz\u0105dzeniem na kt\u00f3rym zosta\u0142y zapisane;<\/li>\n<li>tworzenia statystyk, kt\u00f3re pomagaj\u0105 zrozumie\u0107, w jaki spos\u00f3b U\u017cytkownicy Serwisu korzystaj\u0105 ze stron internetowych, co umo\u017cliwia ulepszanie ich struktury i zawarto\u015bci;<\/li>\n<li>dostosowania zawarto\u015bci stron internetowych Serwisu do okre\u015blonych preferencji U\u017cytkownika oraz optymalizacji korzystania ze stron internetowych, dostosowanych do indywidualnych potrzeb U\u017cytkownika;<\/li>\n<\/ol>\n<p style=\"text-align: justify;\">W ramach Serwisu wykorzystujemy nast\u0119puj\u0105ce rodzaje plik\u00f3w Cookies:<\/p>\n<ul style=\"text-align: justify;\">\n<li>\u201esesyjne\u201d &#8211; przechowywane s\u0105 w urz\u0105dzeniu ko\u0144cowym U\u017cytkownika do czasu wylogowania, opuszczenia strony internetowej lub wy\u0142\u0105czenia przegl\u0105darki internetowej;<\/li>\n<li>\u201esta\u0142e\u201d &#8211; przechowywane w urz\u0105dzeniu ko\u0144cowym U\u017cytkownika przez czas okre\u015blony w parametrach plik\u00f3w Cookies lub do czasu ich usuni\u0119cia przez U\u017cytkownika;<\/li>\n<li>\u201ewydajno\u015bciowe\u201d &#8211; umo\u017cliwiaj\u0105 zbieranie informacji o sposobie korzystania ze stron internetowych Serwisu;<\/li>\n<li>\u201eniezb\u0119dne\u201d &#8211; umo\u017cliwiaj\u0105ce korzystanie z us\u0142ug dost\u0119pnych w ramach Serwisu;<\/li>\n<li>\u201efunkcjonalne\u201d &#8211; umo\u017cliwiaj\u0105ce zapami\u0119tanie wybranych przez U\u017cytkownika ustawie\u0144 i personalizacj\u0119 interfejsu U\u017cytkownika;<\/li>\n<li>\u201ew\u0142asne\u201d &#8211; zamieszczane przez Serwis;<\/li>\n<li>\u201ezewn\u0119trzne\u201d &#8211; pochodz\u0105ce z witryny zewn\u0119trznej ni\u017c Serwis;<\/li>\n<\/ul>\n<p style=\"text-align: justify;\">Informacje w \u017caden spos\u00f3b nie s\u0105 \u0142\u0105czone z danymi osobowymi U\u017cytkownika Serwisu i nie s\u0105 wykorzystywane do okre\u015blenia to\u017csamo\u015bci U\u017cytkownika. Zakres informacji zbieranych automatycznie zale\u017cy od ustawie\u0144 przegl\u0105darki internetowej U\u017cytkownika. U\u017cytkownik powinien sprawdzi\u0107 ustawienia swojej przegl\u0105darki, aby dowiedzie\u0107 si\u0119 jakie informacje s\u0105 udost\u0119pniane przez przegl\u0105dark\u0119 automatycznie lub w celu dokonania zmiany tych ustawie\u0144. W tym celu zalecamy zapoznanie si\u0119 z tre\u015bci\u0105 \u201ePomocy\u201d u\u017cywanej przegl\u0105darki internetowej.<\/p>\n<p style=\"text-align: justify;\"><strong>Zmiana warunk\u00f3w przechowywania lub otrzymywania plik\u00f3w cookies jest mo\u017cliwa poprzez konfiguracj\u0119 ustawie\u0144 w przegl\u0105darkach internetowych, np.:<\/strong><\/p>\n<ul style=\"text-align: justify;\">\n<li><a href=\"https:\/\/support.microsoft.com\/pl-pl\/help\/17442\/windows-internet-explorer-delete-manage-cookies\" target=\"_blank\" rel=\"noopener\">w przegl\u0105darce Internet Explorer<\/a><\/li>\n<li><a href=\"https:\/\/support.microsoft.com\/pl-pl\/help\/10607\/microsoft-edge-view-delete-browser-history\">w przegl\u0105darce Microsoft Edge<\/a><\/li>\n<li><a href=\"http:\/\/support.mozilla.org\/pl\/kb\/ciasteczka\" target=\"_blank\" rel=\"noopener\">w przegl\u0105darce Mozilla Firefox<\/a><\/li>\n<li><a href=\"http:\/\/support.google.com\/chrome\/bin\/answer.py?hl=pl&amp;answer=95647\" target=\"_blank\" rel=\"noopener\">w przegl\u0105darce Chrome<\/a><\/li>\n<li><a href=\"http:\/\/help.opera.com\/opera\/Windows\/2393\/pl\/private.html#deleteData\" target=\"_blank\" rel=\"noopener\">w przegl\u0105darce Opera<\/a><\/li>\n<li><a href=\"https:\/\/support.apple.com\/pl-pl\/HT201265\" target=\"_blank\" rel=\"noopener\">w przegl\u0105darce Safari<\/a><\/li>\n<\/ul>\n<p style=\"text-align: justify;\">Oprogramowanie do przegl\u0105dania stron internetowych tj. przegl\u0105darka internetowa, zazwyczaj domy\u015blnie dopuszcza przechowywanie plik\u00f3w Cookies w urz\u0105dzeniu ko\u0144cowym U\u017cytkownika. U\u017cytkownicy Serwisu mog\u0105 dokona\u0107 zmiany ustawie\u0144 w tym zakresie.\u00a0<strong>Przegl\u0105darka internetowa umo\u017cliwia usuni\u0119cie plik\u00f3w Cookies. Mo\u017cliwe jest tak\u017ce automatyczne blokowanie plik\u00f3w Cookies.<\/strong>\u00a0Szczeg\u00f3\u0142owe informacje na ten temat zawiera pomoc lub dokumentacja stosowanej przez U\u017cytkownika przegl\u0105darki internetowej.<\/p>\n<p style=\"text-align: justify;\">Je\u015bli U\u017cytkownik nie chce otrzymywa\u0107 plik\u00f3w Cookies, mo\u017ce zmieni\u0107 ustawienia swojej przegl\u0105darki. Jednak wy\u0142\u0105czenie obs\u0142ugi plik\u00f3w Cookies niezb\u0119dnych dla proces\u00f3w uwierzytelniania, bezpiecze\u0144stwa lub utrzymania preferencji U\u017cytkownika mo\u017ce utrudni\u0107, a w skrajnych przypadkach tak\u017ce uniemo\u017cliwi\u0107 korzystanie z Serwisu.<\/p>\n","protected":false},"excerpt":{"rendered":"<p>Klauzula informacyjna dla klient\u00f3w \u00a0Szanowni Pa\u0144stwo, w wykonaniu obowi\u0105zku informacyjnego z art. 13 Rozporz\u0105dzenia Parlamentu Europejskiego i Rady (UE) 2016\/679 z dnia 27 kwietnia 2016 r. w sprawie ochrony os\u00f3b fizycznych w zwi\u0105zku z przetwarzaniem danych osobowych i w sprawie&hellip; <\/p>\n","protected":false},"author":1,"featured_media":0,"parent":0,"menu_order":0,"comment_status":"closed","ping_status":"closed","template":"","meta":[],"_links":{"self":[{"href":"https:\/\/szo-zaczernie.com.pl\/index.php?rest_route=\/wp\/v2\/pages\/53"}],"collection":[{"href":"https:\/\/szo-zaczernie.com.pl\/index.php?rest_route=\/wp\/v2\/pages"}],"about":[{"href":"https:\/\/szo-zaczernie.com.pl\/index.php?rest_route=\/wp\/v2\/types\/page"}],"author":[{"embeddable":true,"href":"https:\/\/szo-zaczernie.com.pl\/index.php?rest_route=\/wp\/v2\/users\/1"}],"replies":[{"embeddable":true,"href":"https:\/\/szo-zaczernie.com.pl\/index.php?rest_route=%2Fwp%2Fv2%2Fcomments&post=53"}],"version-history":[{"count":7,"href":"https:\/\/szo-zaczernie.com.pl\/index.php?rest_route=\/wp\/v2\/pages\/53\/revisions"}],"predecessor-version":[{"id":181,"href":"https:\/\/szo-zaczernie.com.pl\/index.php?rest_route=\/wp\/v2\/pages\/53\/revisions\/181"}],"wp:attachment":[{"href":"https:\/\/szo-zaczernie.com.pl\/index.php?rest_route=%2Fwp%2Fv2%2Fmedia&parent=53"}],"curies":[{"name":"wp","href":"https:\/\/api.w.org\/{rel}","templated":true}]}}